t m(u) = 11*u**3 + 24*u**2 + 7*u + 9. Let i(d) = 9*j(d) - 4*m(d). Suppose 25*w = 10*w + 75. Calculate i(w).
-30
Let x(i) = 0 + 5*i**3 - 3 + 4*i**3 - 2*i + 4 - 38*i**3. Calculate x(1).
-30
Let a(y) = -1087*y - 1080*y + 2174*y + 32 + 9. Give a(-4).
13
Let d(a) = -3*a**2 + 3*a**2 + a**2 - 3 + 7*a**3 - 16*a**3 - 4*a + 10*a**3. What is d(-2)?
1
Let n(b) = -4*b**2 - 37*b - 1. Let i be n(-9). Suppose -11*f - 36 = -i*f + 4*a, 0 = 4*a - 12. Let o(g) = -g**2 - 17*g - 11. Determine o(f).
5
Let g(x) = -28*x**3 - x**2 - 3*x - 3. Let p be -1 - (2 - 2)/(-4). What is g(p)?
27
Let p(i) be the second derivative of -5*i - 1/6*i**3 + 2*i**2 - 1/6*i**4 - 5. Determine p(2).
-6
Let n(y) = 7740494 - y**3 - 7740486 + y**2 + 0*y**2 - y. Calculate n(0).
8
Suppose j + 3 = -4. Let v(s) = -s**3 + 0*s + s**3 + 5*s - s**3 - 6*s**2 + 7 + 3*s - 2*s. Give v(j).
14
Let h be -2 + (0 + 0 - 0). Let a be (8/3)/((-34)/(-51))*h. Let f(i) = i**3 + 7*i**2 - 7*i + 2. Give f(a).
-6
Let l be (-102)/4*12/9. Let f be 3/6*(l + 5 + 5). Let w(j) = 2*j + 23. Determine w(f).
-1
Let f(k) = -3*k**2 - 6*k - 1. Let c(g) = -10*g**2 - 18*g - 2. Let y(b) = 2*c(b) - 7*f(b). Let x = 11077 - 11080. Determine y(x).
-6
Let o = 92 - 86. Suppose 17 - 41 = -o*i. Suppose -71*j = -67*j - i. Let k(r) = -4*r**2 - r + 1. Give k(j).
-4
Let j(v) = -v - 1. Let r be (-10)/(-35) + (0 - (-82)/7). Let q = r - -18. Suppose 4*g = -6*g + q. Determine j(g).
-4
Let z(o) = -o**2 - 9*o - 23. Suppose -281*n = 340*n + 3726. Determine z(n).
-5
Let f be (288/(-80))/(2/(-5)). Let x(i) = -1 + 14*i - f*i + 8 - 5*i**2 + 4*i**2. Let a be 0 + (2 - 5) - -9. Give x(a).
1
Let a be -2 + (-10)/(-2)*(9 + -8). Let q(r) = -r - 1. Let v(x) = -4*x + 3. Let z(y) = a*q(y) - v(y). Let m(c) = -c + 11. Let d be m(2). Calculate z(d).
3
Suppose -5*a + 27 + 8 = -5*v + 5, -8*v - 64 = 0. Let z(d) = d**3 - 10*d + 3. Let o(r) = -2*r**3 + 19*r - 5. Let s(q) = -6*o(q) - 11*z(q). What is s(a)?
-3
Let s be ((-8)/28)/(1/(-21)). Suppose 5*j - m = 9, 3*m = s*m - 3. Let k(t) = -j + 15*t - 5*t - t. Give k(-2).
-20
Let k be ((-456)/30 - -15)/(2/(-50)). Let p(v) = 395 - 194 - v**2 - 207 + k*v. Determine p(7).
-20
Let j(f) be the third derivative of -f**7/5040 - f**6/72 - f**5/15 + f**4/12 + 10*f**2 + 2*f. Let v(b) be the third derivative of j(b). Calculate v(-8).
-2
Let c(b) = b**2 - 13*b - 1. Suppose -36*d + 34*d - 8 = 0. Let h be 2/d*(-3 - (21 - -2)). Calculate c(h).
-1
Let o(a) = -21 + 36520*a**2 - 18260*a**2 - 18261*a**2. What is o(0)?
-21
Suppose 3*s - 8 + 53 = 0. Let g be 2/3*s/10*-28. Let v(w) = 1 + 8*w + g*w - 18*w. Give v(1).
19
Let a(b) = b - 3. Suppose 4*o + 2*u - 36 = u, o = -4*u - 6. Let h be (0 + 0)*o/20. Give a(h).
-3
Let q(o) = -o**2 + o. Let y(s) = s**3 - 3*s**2 + 8*s - 4. Let v(t) = 3*q(t) + y(t). Let g(h) = h**3 + 5*h**2 + 3*h. Let d be g(-4). Calculate v(d).
8
Suppose -180 = 40*r - 43*r. Let g be (-5)/(r/8)*(14 - 11). Let x(o) = -5*o - 5. What is x(g)?
5
Let a(i) = -2*i - 8. Let k = 3659 + -3644. Let x(m) = m**2 - 3*m - 4. Let q be x(5). Suppose k = -5*h + 5*b, 5*h = q*h - 2*b - 2. What is a(h)?
8
Let o be ((-2)/(-4))/((6 - 7)/(-8)). Let f(d) = -4*d + 24*d**2 + 5 + 14*d**2 + 1 + 22*d**2 - 59*d**2. Calculate f(o).
6
Let r be (18/(-7))/(25/1225*-21). Let p(q) = 16 - 5*q + 0*q - 4*q + q**2. What is p(r)?
-2
Let j = 3155 - 3155. Let x(m) = m**3 + m**2 - m + 10. Give x(j).
10
Suppose s = 4*d + 25 + 54, -s - 5*d = -88. Let g = -80 + s. Let l(h) = -g - 5*h + 1 - h**2 + 0*h + h. Determine l(-3).
1
Let a(b) be the third derivative of b**5/20 - 13*b**4/8 - 31*b**3/6 - 2632*b**2 - 2*b. Determine a(14).
11
Let c(j) be the third derivative of -j**7/2520 + 7*j**6/360 - j**5/4 - 143*j**4/24 - 80*j**2 + 2. Let w(k) be the second derivative of c(k). Give w(11).
3
Let w(s) = s**2 - 7*s + 12. Let d be w(5). Let r(l) = -9 + 2 - 3*l**2 + 22*l + 4*l**d - 28*l. Calculate r(5).
-12
Let t(f) = -50*f**3 - 36*f**2 - 83*f - 36. Let j(u) = 11*u**3 + 8*u**2 + 18*u + 8. Let h(p) = -23*j(p) - 5*t(p). Give h(2).
-42
Suppose 3*r - 44 = -5*k, 4*k + 0*k = r + 42. Let d(j) = j**2 - 10*j**2 + 13*j + 4*j**3 + 3*j**3 - k - 2*j**3 - 6*j**3. Give d(-10).
-40
Let y(z) = -z**2 - 2*z - 4. Suppose -3*p + 2*b = -8, -b - 2*b + 10 = p. Suppose 0 = 3*v + v - 3*j + 11, -p*v = 2*j + 6. Calculate y(v).
-4
Let o(n) = n**3 - 17*n**2 + n - 13. Let g be o(17). Suppose 3*t - 5*k - 24 = 0, 0 = -4*t - k - g*k + 32. Let h(p) = p**3 - 9*p**2 + 7*p. Calculate h(t).
-8
Let n be 9/(-6)*160/6. Let m(j) = -5*j - 9. Let x be m(-21). Let c be x/n + 3/(-5). Let t(d) = -d**3 - 3*d**2 - 2. Calculate t(c).
-2
Let g(v) = v**3 - 12*v**2 + 10*v + 4. Suppose -3*d + d = -2*t + 490, d - 3*t + 235 = 0. Let u = 261 + d. Give g(u).
-7
Suppose -283 - 97 = -p + 2*u, -4*u + 792 = 2*p. Let g(f) = -183*f + 1 + p*f - 196*f. Give g(1).
10
Suppose -4 + 4 = -4*u. Let n = 36 + -31. Let l(f) = -2*f - 5*f - n - f + 7*f. What is l(u)?
-5
Suppose 18 = -a + 4*t, -44*a + 41*a = -t - 12. Let k(o) = o**2 - 25*o + 111. What is k(a)?
-3
Let f(y) = 3*y + 1. Let x(w) = -6*w - 66. Let v(d) = -4*d - 44. Let m(o) = 8*v(o) - 5*x(o). Let n be m(10). Let b = n + 40. What is f(b)?
-5
Let m(j) = -142 - 141 - 139 + 426 - 6*j. Suppose 4*d - 21 = -5*x + 2*d, -4*d + 9 = -x. Suppose x*w - 18 = -6. Determine m(w).
-20
Let f(q) = -q**3 + q**2 - 1. Let y be ((-990)/63 - -13) + (-4)/14. Let p(l) = -2*l**3 + 12*l**2 - 11*l - 7. Let w(v) = y*f(v) + p(v). What is w(-10)?
6
Let d(u) = -3*u - 8. Let i be d(-6). Suppose -12*w + i = -14*w. Let o(b) be the first derivative of -b**4/4 - 4*b**3/3 + b**2/2 + b + 142. Calculate o(w).
21
Let v(r) = 1348*r - 14. Let a(u) = 289*u - 3. Let s(q) = -28*a(q) + 6*v(q). Let f(w) = -w**3 + 4*w**2 - 3*w. Let j be f(2). Suppose 0 = j*g - g - 1. Give s(g).
-4
Let n = 188 + -186. Let g(d) be the first derivative of -10*d**2 + 3*d - 46. Calculate g(n).
-37
Suppose 37*d - 3306 = -21*d. Let z(a) = -50 - d - 6*a + 134. Determine z(5).
-3
Let z(d) be the third derivative of -2*d**4/3 + 6*d**3 - 15*d**2 - 16*d - 5. What is z(2)?
4
Let z(b) be the first derivative of -10*b + 7*b**2 - 1/3*b**3 - 68. Calculate z(13).
3
Let x(w) be the second derivative of -w - 3 + 1/12*w**4 + 1/3*w**3 - 3/2*w**2. What is x(2)?
5
Let l(o) = -48*o - 4 - 28 + 59*o + 15*o**2 + 0*o**3 + o**3. Let v be l(-14). Let a be 316/(-44) - v/(-55). Let y(m) = -m**2 - 8*m. Give y(a).
7
Let d(w) = -w**2 + 4*w - 6. Suppose 0 = -p + 8 + 6. Let t be (21/(-35))/(2/(-60)). Let a = t - p. Give d(a).
-6
Let c = -2443 - -2446. Let s(g) = -2*g**3 - 2*g**2 + 23*g + 1. Determine s(c).
-2
Let j = -20 - -38. Let h(l) = 1 - 3*l**2 + 8*l + 6 + 11*l + 8 - j. Determine h(6).
3
Suppose 5*s - c - 35 = -4*c, -2*c + 6 = -s. Let q(b) be the third derivative of -b**6/120 + b**5/20 - b**4/4 + 2*b**3/3 + 4*b**2 - 3*b + 1. Calculate q(s).
-36
Let h(w) = -27 + 37 - 29 - 13*w + 134 + 88. Determine h(16).
-5
Let t(h) = -6*h + 7*h + 0*h + h. Suppose 4*p + 1 = 5*p + 2*g, 0 = -5*g. Let q be 17 + -13 - p*2. What is t(q)?
4
Let r(v) be the first derivative of v**4/12 - v**3 + 9*v**2/2 + 89*v - 12. Let h(g) be the first derivative of r(g). Let d = -10 + 16. Calculate h(d).
9
Let g(y) be the first derivative of 3*y**2/2 - 22*y - 1676. Give g(2).
-16
Let a(n) = 2*n**2 + 19*n + 13. Let i(h) = -43*h - 826. Let b be i(-19). Give a(b).
4
Let d(o) be the third derivative of -o**6/120 + o**5/10 - o**4/6 + o**3/2 - 18*o**2. Let s = 25 - 23. Let k be 4/4 + 2 + (4 - s). Give d(k).
8
Let b(g) be the first derivative of -g**5/60 + g**4/8 - g**3/2 - 159*g**2/2 + 93. Let u(q) be the second derivative of b(q). Determine u(-3).
-21
Let j(s) = 12*s + 7. Let f(r) = -r - 16. Let b(v) = -f(v) - j(v). Give b(3).
-24
Let b(i) = -2*i + 6. Suppose 0 = -2*w - 7*w + 36. Suppose -236 = -w*n - 208. Calculate b(n).
-8
Let p(g) = g**3 - 5*g**2 + 4*g + 8. Let c(f) = -f**3 + 5*f**2 - 5*f + 8. Let v be c(4). Determine p(v).
8
Let k(y) = 36*y**3 + 5*y**2 - 11*y + 3. Let i(s) = -73*s**3 - 11*s**2 + 26*s - 7. Let b(a) = -3*i(a) - 7*k(a). Determine b(-1).
32
Let j(a) be the first derivative of -a**4/8 + 5*a**3/6 + 69*a**2/2 - 4. Let r(s) be the second derivative of j(s). Give r(2).
-1
Let p(s) = -45*s + 242 + 479 + 81*s - 12*s - 21. Calculate p(-29).
4
Let u(t) be the second derivative of t**4/6 - 29*t**3/6 - 4*t**2 - 140*t. Give u(15).
7
Let i be ((-3)/9